{"id":33039,"date":"2021-07-01T19:22:25","date_gmt":"2021-07-01T19:22:25","guid":{"rendered":"https:\/\/pedagogiaecossistemica.com.br\/pedagogia\/?page_id=33039"},"modified":"2023-08-21T18:20:25","modified_gmt":"2023-08-21T18:20:25","slug":"historia","status":"publish","type":"page","link":"https:\/\/pedagogiaecossistemica.com.br\/pedagogia\/historia\/","title":{"rendered":"Hist\u00f3ria"},"content":{"rendered":"<div class=\"wpb-content-wrapper\"><p>[vc_row full_width=&#8221;stretch_row_content_no_spaces&#8221; content_placement=&#8221;middle&#8221; css=&#8221;.vc_custom_1625248459910{margin-bottom: 0px !important;}&#8221; el_id=&#8221;pedeco&#8221;][vc_column css=&#8221;.vc_custom_1566575117166{padding-right: 0px !important;padding-left: 0px !important;}&#8221; offset=&#8221;vc_col-lg-12 vc_col-md-12&#8243;][vc_text_separator title=&#8221;O que \u00e9 a Pedagogia Ecossist\u00eamica?&#8221; color=&#8221;sky&#8221; border_width=&#8221;7&#8243;]<div class=\"clearboth\"><\/div><style>#thegem-divider-69e7a896c873e {margin-top: 10px !important;}<\/style><div id=\"thegem-divider-69e7a896c873e\" class=\"gem-divider  \" style=\"\" ><\/div>[\/vc_column][\/vc_row][vc_row full_width=&#8221;stretch_row_content_no_spaces&#8221; content_placement=&#8221;middle&#8221; css=&#8221;.vc_custom_1625248459910{margin-bottom: 0px !important;}&#8221;][vc_column css=&#8221;.vc_custom_1566575117166{padding-right: 0px !important;padding-left: 0px !important;}&#8221; offset=&#8221;vc_col-lg-12 vc_col-md-12&#8243;]<div class=\"clearboth\"><\/div><style>#thegem-divider-69e7a896c8754 {margin-top: 10px !important;}<\/style><div id=\"thegem-divider-69e7a896c8754\" class=\"gem-divider  \" style=\"\" ><\/div>[\/vc_column][\/vc_row][vc_row content_placement=&#8221;middle&#8221;][vc_column width=&#8221;1\/3&#8243;][vc_single_image image=&#8221;33064&#8243; img_size=&#8221;large&#8221;][\/vc_column][vc_column width=&#8221;2\/3&#8243;]<div class=\"gem-textbox \"  ><div class=\"gem-textbox-inner\" style=\"\"><div class=\"gem-textbox-content\" style=\"background-color: #0b486b;background-position: center top;padding-top: 60px;padding-bottom: 60px;padding-left: 60px;padding-right: 60px;\">[vc_column_text css_animation=&#8221;left-to-right&#8221;]<span style=\"color: #ffffff;\">A<\/span> <span style=\"color: #33cccc;\"><strong>Pedagogia Ecossist\u00eamica<\/strong><\/span><span style=\"color: #ffffff;\"> \u00e9 baseada em valores complexos e interligados, promovendo a inter-rela\u00e7\u00e3o entre saberes, sujeitos e realidade. Ela ocorre atrav\u00e9s da: conviv\u00eancia na diversidade; autoria e protagonismo; atua\u00e7\u00e3o socioambiental; implica\u00e7\u00e3o e contextualiza\u00e7\u00e3o; criatividade com criticidade.<\/span><\/p>\n<p><span style=\"color: #ffffff;\">A partir de uma teia curricular, busca-se uma pr\u00e1tica transformadora do ambiente em que vivemos, a conviv\u00eancia harm\u00f4nica com os pares, o reconhecimento e a valoriza\u00e7\u00e3o da ci\u00eancia, das artes e das tradi\u00e7\u00f5es. Enfim, uma forma\u00e7\u00e3o humanit\u00e1ria e transdisciplinar, pois \u00e9 este \u00e9 o modo como percebemos e concebemos a vida.<\/span><\/p>\n<p><span style=\"color: #ffffff;\">A Pedagogia Ecossist\u00eamica tem como alicerce o modelo de transforma\u00e7\u00e3o da<\/span><br \/>\n<span style=\"color: #ffffff;\">educa\u00e7\u00e3o baseada na Carta da Terra, na Declara\u00e7\u00e3o Universal dos Direitos Humanos,<\/span><br \/>\n<span style=\"color: #ffffff;\">Os Sete Saberes Necess\u00e1rio \u00e0 Educa\u00e7\u00e3o do futuro, na Carta da Transdisciplinaridade na<\/span><br \/>\n<span style=\"color: #ffffff;\">Constitui\u00e7\u00e3o Brasileira e na BNCC. Conta com te\u00f3ricos como <strong>Paulo Freire, Edgar Morin,<\/strong><\/span><br \/>\n<span style=\"color: #ffffff;\"><strong>Jean Piaget, Fritjof Capra, Humberto Maturana, Ubiratan D\u00c1mbrosio,<\/strong> entre outras<\/span><br \/>\n<span style=\"color: #ffffff;\">personalidades atentas \u00e0s novas tend\u00eancias em educa\u00e7\u00e3o.<\/span>[\/vc_column_text]<\/div><\/div><\/div>[\/vc_column][\/vc_row][vc_row full_width=&#8221;stretch_row_content_no_spaces&#8221; content_placement=&#8221;middle&#8221; css=&#8221;.vc_custom_1625245548102{margin-bottom: 0px !important;}&#8221; el_id=&#8221;historia&#8221;][vc_column css=&#8221;.vc_custom_1566575117166{padding-right: 0px !important;padding-left: 0px !important;}&#8221; offset=&#8221;vc_col-lg-12 vc_col-md-12&#8243;][vc_text_separator title=&#8221;A Histo\u0301ria da VILA&#8221; color=&#8221;green&#8221; border_width=&#8221;7&#8243;]<div class=\"clearboth\"><\/div><style>#thegem-divider-69e7a896c8783 {margin-top: 10px !important;}<\/style><div id=\"thegem-divider-69e7a896c8783\" class=\"gem-divider  \" style=\"\" ><\/div>[\/vc_column][\/vc_row][vc_row content_placement=&#8221;middle&#8221;][vc_column width=&#8221;2\/3&#8243;]<div class=\"gem-textbox \"  ><div class=\"gem-textbox-inner\" style=\"\"><div class=\"gem-textbox-content\" style=\"background-color: #0d6759;background-position: center top;padding-top: 60px;padding-bottom: 60px;padding-left: 60px;padding-right: 60px;\">[vc_column_text css_animation=&#8221;left-to-right&#8221;]<span style=\"color: #ffffff;\">A<\/span> <span style=\"color: #88c425;\"><strong>Escola VILA<\/strong><\/span><span style=\"color: #ffffff;\">, situada em Fortaleza, Cear\u00e1, nasceu de um trabalho iniciado por algumas m\u00e3es, no quintal da casa da idealizadora, Fa\u0301tima Limaverde.<\/span><\/p>\n<p><span style=\"color: #ffffff;\">O trabalho surgiu com o objetivo de proporcionar uma educac\u0327a\u0303o diferenciada, rompendo com os padr\u00f5es tradicionais, a fim de formar seres humanos cr\u00edticos, justos, felizes, criativos e atuantes em seus contextos socioambientais.<\/span><\/p>\n<p><span style=\"color: #ffffff;\">Em 1981, a Escola Vila foi fundada, fruto do trabalho do quintal. Inicialmente apenas com Educac\u0327a\u0303o Infantil e, em 1990, ampliou ao Ensino Fundamental. O resultado do trabalho foi reconhecido por toda comunidade e, a repercuss\u00e3o se expandiu por todo meio educacional. O entrosamento maior entre as fami\u0301lias e o meio pedago\u0301gico favoreceu o desenvolvimento da conscie\u0302ncia ecolo\u0301gica, pol\u00edtica, social, e o exerc\u00edcio da cidadania. O cuidado como pilar fundamental para vida, \u00e9 um dos princ\u00edpios que alicer\u00e7am o trabalho: o cuidar de s\u00ed, cuidar do outro e cuidar da natureza.<\/span><\/p>\n<p><span style=\"color: #ffffff;\">Ao longo dos anos nasce a<\/span> <span style=\"color: #88c425;\"><strong>Pedagogia Ecossist\u00eamica<\/strong><\/span><span style=\"color: #ffffff;\">, fruto de toda uma viv\u00eancia e pr\u00e1tica transformadora da Escola Vila. Uma forma\u00e7\u00e3o humanit\u00e1ria e transdisciplinar como a vida, o modo como a percebemos e a concebemos.<\/span>[\/vc_column_text]<\/div><\/div><\/div>[\/vc_column][vc_column width=&#8221;1\/3&#8243;][vc_single_image image=&#8221;33062&#8243; img_size=&#8221;large&#8221;][\/vc_column][\/vc_row][vc_row full_width=&#8221;stretch_row_content_no_spaces&#8221; content_placement=&#8221;middle&#8221; css=&#8221;.vc_custom_1649351784925{margin-bottom: 0px !important;}&#8221; el_id=&#8221;teiacurricular&#8221;][vc_column css=&#8221;.vc_custom_1566575117166{padding-right: 0px !important;padding-left: 0px !important;}&#8221; offset=&#8221;vc_col-lg-12 vc_col-md-12&#8243;][vc_text_separator title=&#8221;Teia Curricular&#8221; color=&#8221;green&#8221; border_width=&#8221;7&#8243;]<div class=\"clearboth\"><\/div><style>#thegem-divider-69e7a896c87a9 {margin-top: 10px !important;}<\/style><div id=\"thegem-divider-69e7a896c87a9\" class=\"gem-divider  \" style=\"\" ><\/div>[\/vc_column][\/vc_row][vc_row content_placement=&#8221;middle&#8221;][vc_column]<div class=\"gem-textbox \"  ><div class=\"gem-textbox-inner\" style=\"\"><div class=\"gem-textbox-content\" style=\"background-color: #008c1e;background-position: center top;padding-top: 60px;padding-bottom: 60px;padding-left: 60px;padding-right: 60px;\">[vc_custom_heading text=&#8221;O curr\u00edculo da Pedagogia ecossist\u00eamica extrapola o arcaico conceito de \u201cGrade Curricular\u201d ao propor, em seu lugar, a ideia de \u201cTeia Curricular\u201d, composta de tr\u00eas mapas conceituais inter-relacionados, denominados: 1) teia da rela\u00e7\u00e3o do indiv\u00edduo com ele mesmo; 2) teia da rela\u00e7\u00e3o do indiv\u00edduo com o meio social; e 3) teia da rela\u00e7\u00e3o do indiv\u00edduo com o meio ambiente.&#8221; font_container=&#8221;tag:div|font_size:18|text_align:center|color:%23ffffff|line_height:2&#8243; google_fonts=&#8221;font_family:Montserrat%3Aregular%2C700|font_style:400%20regular%3A400%3Anormal&#8221;]<\/div><\/div><\/div>[\/vc_column][\/vc_row][vc_row][vc_column]<div class=\"clearboth\"><\/div><style>#thegem-divider-69e7a896c87c1 {margin-top: 60px !important;}<\/style><div id=\"thegem-divider-69e7a896c87c1\" class=\"gem-divider  \" style=\"\" ><\/div>[vc_masonry_media_grid element_width=&#8221;12&#8243; grid_id=&#8221;vc_gid:1692641397274-09937bbee5d7393dbb6e2d9778e63c3e-10&#8243; include=&#8221;33617&#8243;][vc_masonry_media_grid element_width=&#8221;12&#8243; grid_id=&#8221;vc_gid:1692641763962-96f56d39-3eeb-6&#8243; include=&#8221;33618&#8243;]<div class=\"clearboth\"><\/div><style>#thegem-divider-69e7a896c87c8 {margin-top: 60px !important;}<\/style><div id=\"thegem-divider-69e7a896c87c8\" class=\"gem-divider  \" style=\"\" ><\/div>[vc_masonry_media_grid grid_id=&#8221;vc_gid:1692641397315-c590afb64a62702f583ff37b243622ab-3&#8243; include=&#8221;33619,33620,33621&#8243;][\/vc_column][\/vc_row][vc_row][vc_column]<div class=\"clearboth\"><\/div><style>#thegem-divider-69e7a896c87cf {margin-top: 60px !important;}<\/style><div id=\"thegem-divider-69e7a896c87cf\" class=\"gem-divider  \" style=\"\" ><\/div>[\/vc_column][\/vc_row][vc_row content_placement=&#8221;middle&#8221;][vc_column]<div class=\"gem-textbox \"  ><div class=\"gem-textbox-inner\" style=\"\"><div class=\"gem-textbox-content\" style=\"background-color: #c67000;background-position: center top;padding-top: 60px;padding-bottom: 60px;padding-left: 60px;padding-right: 60px;\">[vc_custom_heading text=&#8221;A Pedagogia Ecossist\u00eamica agrega a seu curr\u00edculo as aulas complementares de M\u00fasica, Artesanato, Artes Visuais, Teatro e Corpo, como oportunidade de desenvolver emo\u00e7\u00f5es, sentimentos e criatividade \u2013 virtudes necess\u00e1rias para o desenvolvimento de um ser que se sinta capaz e seguro para conquistar seu espa\u00e7o na sociedade.&#8221; font_container=&#8221;tag:div|font_size:18|text_align:center|color:%23ffffff|line_height:2&#8243; google_fonts=&#8221;font_family:Montserrat%3Aregular%2C700|font_style:400%20regular%3A400%3Anormal&#8221;]<\/div><\/div><\/div>[\/vc_column][\/vc_row][vc_row content_placement=&#8221;middle&#8221;][vc_column width=&#8221;1\/2&#8243;][vc_single_image image=&#8221;33257&#8243; img_size=&#8221;large&#8221; alignment=&#8221;center&#8221; onclick=&#8221;link_image&#8221;][\/vc_column][vc_column width=&#8221;1\/2&#8243;][vc_single_image image=&#8221;33354&#8243; img_size=&#8221;large&#8221; alignment=&#8221;center&#8221; onclick=&#8221;link_image&#8221;][\/vc_column][\/vc_row][vc_row][vc_column]<div class=\"clearboth\"><\/div><style>#thegem-divider-69e7a896c87e4 {margin-top: 60px !important;}<\/style><div id=\"thegem-divider-69e7a896c87e4\" class=\"gem-divider  \" style=\"\" ><\/div>[\/vc_column][\/vc_row][vc_row content_placement=&#8221;middle&#8221;][vc_column width=&#8221;1\/2&#8243;]<div class=\"gem-textbox \"  ><div class=\"gem-textbox-inner\" style=\"\"><div class=\"gem-textbox-content\" style=\"background-color: #c67000;background-position: center top;padding-top: 60px;padding-bottom: 60px;padding-left: 60px;padding-right: 60px;\">[vc_custom_heading text=&#8221;Outras atividades que comp\u00f5em o curr\u00edculo s\u00e3o as aulas de Laborat\u00f3rio: Farm\u00e1cia Viva, Horta, Fauna, Pomar, Jardim, Sa\u00fade e Alimenta\u00e7\u00e3o, Tecnologias Alternativas e Manuten\u00e7\u00e3o. Estas aulas s\u00e3o vivenciadas e experimentadas nos diversos cen\u00e1rios de aprendizagem existentes na escola e oferecem a possibilidade de os estudantes aplicarem os conte\u00fados estudados, promovendo, assim, o aprendizado de forma transdisciplinar, interligando o fazer, o sentir e o pensar.&#8221; font_container=&#8221;tag:div|font_size:18|text_align:center|color:%23ffffff|line_height:2&#8243; google_fonts=&#8221;font_family:Montserrat%3Aregular%2C700|font_style:400%20regular%3A400%3Anormal&#8221;]<\/div><\/div><\/div>[\/vc_column][vc_column width=&#8221;1\/2&#8243;][vc_single_image image=&#8221;33357&#8243; img_size=&#8221;large&#8221; alignment=&#8221;center&#8221; onclick=&#8221;link_image&#8221;][\/vc_column][\/vc_row][vc_row][vc_column]<div class=\"clearboth\"><\/div><style>#thegem-divider-69e7a896c87f8 {margin-top: 60px !important;}<\/style><div id=\"thegem-divider-69e7a896c87f8\" class=\"gem-divider  \" style=\"\" ><\/div>[\/vc_column][\/vc_row][vc_row content_placement=&#8221;middle&#8221; el_id=&#8221;livros&#8221;][vc_column]<div class=\"gem-textbox \"  ><div class=\"gem-textbox-inner\" style=\"\"><div class=\"gem-textbox-content\" style=\"background-color: #e05900;background-position: center top;padding-top: 60px;padding-bottom: 60px;padding-left: 60px;padding-right: 60px;\">[vc_column_text css_animation=&#8221;left-to-right&#8221; css=&#8221;.vc_custom_1634643510310{padding-right: 60px !important;padding-left: 60px !important;}&#8221;]<\/p>\n<div class=\"styled-subtitle\" style=\"text-align: center;\"><strong><span style=\"color: #ffffff;\">Para conhecer mais sobre a <span style=\"color: #99cc00;\">Pedagogia Ecossist\u00eamica<\/span> voc\u00ea pode fazer o\u00a0 download dos livros abaixo.<\/span><\/strong><\/div>\n<p>[\/vc_column_text]<\/div><\/div><\/div>[\/vc_column][\/vc_row][vc_row][vc_column]<div class=\"clearboth\"><\/div><style>#thegem-divider-69e7a896c880c {margin-top: 20px !important;}<\/style><div id=\"thegem-divider-69e7a896c880c\" class=\"gem-divider  \" style=\"\" ><\/div>[\/vc_column][\/vc_row][vc_row content_placement=&#8221;bottom&#8221;][vc_column width=&#8221;1\/2&#8243;][vc_custom_heading text=&#8221;Pedagogia Ecossist\u00eamica: Educa\u00e7\u00e3o transdisciplinar da Escola Vila&#8221; font_container=&#8221;tag:p|text_align:center&#8221; google_fonts=&#8221;font_family:Montserrat%3Aregular%2C700|font_style:400%20regular%3A400%3Anormal&#8221;][vc_custom_heading text=&#8221;Patr\u00edcia Limaverde&#8221; font_container=&#8221;tag:p|text_align:center&#8221; google_fonts=&#8221;font_family:Montserrat%3Aregular%2C700|font_style:700%20bold%20regular%3A700%3Anormal&#8221;][\/vc_column][vc_column width=&#8221;1\/2&#8243;][vc_custom_heading text=&#8221;Dimens\u00e3o Social e Pol\u00edtica da Pedagogia Ecossist\u00eamica. Por uma escola solid\u00e1ria&#8221; font_container=&#8221;tag:p|text_align:center&#8221; google_fonts=&#8221;font_family:Montserrat%3Aregular%2C700|font_style:400%20regular%3A400%3Anormal&#8221;][vc_custom_heading text=&#8221;Juan Miguel Batalloso Navas&#8221; font_container=&#8221;tag:p|text_align:center&#8221; google_fonts=&#8221;font_family:Montserrat%3Aregular%2C700|font_style:700%20bold%20regular%3A700%3Anormal&#8221;][\/vc_column][\/vc_row][vc_row][vc_column]<div class=\"clearboth\"><\/div><style>#thegem-divider-69e7a896c8812 {margin-top: 20px !important;}<\/style><div id=\"thegem-divider-69e7a896c8812\" class=\"gem-divider  \" style=\"\" ><\/div>[\/vc_column][\/vc_row][vc_row content_placement=&#8221;middle&#8221;][vc_column width=&#8221;1\/2&#8243;]<div class=\"gem-textbox \"  ><div class=\"gem-textbox-inner\" style=\"\"><div class=\"gem-textbox-content\" style=\"background-color: #f4f6f7;background-position: center top;\"><div class=\"gem-alert-box\"><div class=\"gem-alert-inner\"><div class=\"gem-alert-box-content\">[vc_single_image image=&#8221;33415&#8243; img_size=&#8221;medium&#8221; style=&#8221;vc_box_border&#8221; border_color=&#8221;green&#8221;]<\/div><div class=\"gem-alert-box-buttons\"><div class=\"gem-button-container gem-button-position-center thegem-button-69e7a896c88787980    \"  ><a class=\"gem-button gem-button-size-small gem-button-style-flat gem-button-text-weight-normal\" data-ll-effect=\"drop-right-without-wrap\" style=\"border-radius: 3px;background-color: #359b30;\" onmouseleave=\"this.style.backgroundColor='#359b30';\" onmouseenter=\"\" href=\"https:\/\/pedagogiaecossistemica.com.br\/pedagogia\/wp-content\/uploads\/2021\/10\/Pedagogia-Ecossistemica-LIMAVERDE.pdf\" target=\"_blank\">Download<\/a><\/div> <\/div><\/div><\/div><\/div><\/div><\/div>[\/vc_column][vc_column width=&#8221;1\/2&#8243;]<div class=\"gem-textbox \"  ><div class=\"gem-textbox-inner\" style=\"\"><div class=\"gem-textbox-content\" style=\"background-color: #f4f6f7;background-position: center top;\"><div class=\"gem-alert-box\"><div class=\"gem-alert-inner\"><div class=\"gem-alert-box-content\">[vc_single_image image=&#8221;33414&#8243; img_size=&#8221;medium&#8221; style=&#8221;vc_box_border&#8221; border_color=&#8221;green&#8221;]<\/div><div class=\"gem-alert-box-buttons\"><div class=\"gem-button-container gem-button-position-center thegem-button-69e7a896c88c91495    \"  ><a class=\"gem-button gem-button-size-small gem-button-style-flat gem-button-text-weight-normal\" data-ll-effect=\"drop-right-without-wrap\" style=\"border-radius: 3px;background-color: #359b30;\" onmouseleave=\"this.style.backgroundColor='#359b30';\" onmouseenter=\"\" href=\"https:\/\/pedagogiaecossistemica.com.br\/pedagogia\/wp-content\/uploads\/2021\/10\/Dimensao-Social-e-Politica-da-Pedagogia-Ecossistemica.pdf\" target=\"_blank\">Download<\/a><\/div> <\/div><\/div><\/div><\/div><\/div><\/div>[\/vc_column][\/vc_row][vc_row content_placement=&#8221;bottom&#8221;][vc_column width=&#8221;1\/2&#8243;][vc_custom_heading text=&#8221;International Models of Changemaker Education&#8221; font_container=&#8221;tag:p|text_align:center&#8221; google_fonts=&#8221;font_family:Montserrat%20UltraLight%3Aregular|font_style:400%20regular%3A400%3Anormal&#8221;][vc_custom_heading text=&#8221;Edited by Viviana Alexandrowicz and Paul M. Rogers&#8221; font_container=&#8221;tag:p|text_align:center&#8221; google_fonts=&#8221;font_family:Montserrat%3Aregular%2Citalic|font_style:700%20regular%3A700%3Anormal&#8221;][\/vc_column][vc_column width=&#8221;1\/2&#8243;][vc_custom_heading text=&#8221;Earth Charter Magazine&#8221; font_container=&#8221;tag:p|text_align:center&#8221; google_fonts=&#8221;font_family:Montserrat%20UltraLight%3Aregular|font_style:400%20regular%3A400%3Anormal&#8221;][vc_custom_heading text=&#8221;Earth Charter Magazine Vol. I &#8211; Junho 2023&#8243; font_container=&#8221;tag:p|text_align:center&#8221; google_fonts=&#8221;font_family:Montserrat%3Aregular%2Citalic|font_style:700%20regular%3A700%3Anormal&#8221;][\/vc_column][\/vc_row][vc_row content_placement=&#8221;middle&#8221;][vc_column width=&#8221;1\/2&#8243; background_position_mobile=&#8221;center center&#8221;]<div class=\"gem-textbox \"  ><div class=\"gem-textbox-inner\" style=\"\"><div class=\"gem-textbox-content\" style=\"background-color: #f4f6f7;background-position: center center;\"><div class=\"gem-alert-box\"><div class=\"gem-alert-inner\"><div class=\"gem-alert-box-content\">[vc_single_image image=&#8221;33577&#8243; img_size=&#8221;medium&#8221; style=&#8221;vc_box_border&#8221; border_color=&#8221;green&#8221;]<\/div><div class=\"gem-alert-box-buttons\"><div class=\"gem-button-container gem-button-position-center thegem-button-69e7a896c89041050    \"  ><a class=\"gem-button gem-button-size-small gem-button-style-flat gem-button-text-weight-normal\" data-ll-effect=\"drop-right-without-wrap\" style=\"border-radius: 3px;background-color: #359b30;\" onmouseleave=\"this.style.backgroundColor='#359b30';\" onmouseenter=\"\" href=\"https:\/\/pedagogiaecossistemica.com.br\/pedagogia\/wp-content\/uploads\/2022\/11\/livro-ingles-da-patricia.pdf\" target=\"_blank\">Download<\/a><\/div> <\/div><\/div><\/div><\/div><\/div><\/div>[\/vc_column][vc_column width=&#8221;1\/2&#8243;]<div class=\"gem-textbox \"  ><div class=\"gem-textbox-inner\" style=\"\"><div class=\"gem-textbox-content\" style=\"background-color: #f4f6f7;background-position: center center;\"><div class=\"gem-alert-box\"><div class=\"gem-alert-inner\"><div class=\"gem-alert-box-content\">[vc_single_image image=&#8221;33592&#8243; img_size=&#8221;medium&#8221; style=&#8221;vc_box_border&#8221; border_color=&#8221;green&#8221;]<\/div><div class=\"gem-alert-box-buttons\"><div class=\"gem-button-container gem-button-position-center thegem-button-69e7a896c893a2778    \"  ><a class=\"gem-button gem-button-size-small gem-button-style-flat gem-button-text-weight-normal\" data-ll-effect=\"drop-right-without-wrap\" style=\"border-radius: 3px;background-color: #359b30;\" onmouseleave=\"this.style.backgroundColor='#359b30';\" onmouseenter=\"\" href=\"https:\/\/pedagogiaecossistemica.com.br\/pedagogia\/wp-content\/uploads\/2023\/07\/Earth-Charter-Magazine.pdf\" target=\"_blank\">Download<\/a><\/div> <\/div><\/div><\/div><\/div><\/div><\/div>[\/vc_column][\/vc_row][vc_row][vc_column]<div class=\"clearboth\"><\/div><style>#thegem-divider-69e7a896c8962 {margin-top: 60px !important;}<\/style><div id=\"thegem-divider-69e7a896c8962\" class=\"gem-divider  \" style=\"\" ><\/div>[\/vc_column][\/vc_row][vc_row content_placement=&#8221;middle&#8221;][vc_column]<div class=\"gem-textbox \"  ><div class=\"gem-textbox-inner\" style=\"\"><div class=\"gem-textbox-content\" style=\"background-color: #e05900;background-position: center top;padding-top: 60px;padding-bottom: 60px;padding-left: 60px;padding-right: 60px;\">[vc_column_text css_animation=&#8221;left-to-right&#8221; css=&#8221;.vc_custom_1656096831907{padding-right: 60px !important;padding-left: 60px !important;}&#8221;]<\/p>\n<div class=\"styled-subtitle\" style=\"text-align: center;\"><strong><span style=\"color: #ffffff;\">Mais livros que citam a <span style=\"color: #99cc00;\">Pedagogia Ecossist\u00eamica<\/span><\/span><\/strong><\/div>\n<p>[\/vc_column_text]<\/div><\/div><\/div>[\/vc_column][\/vc_row][vc_row][vc_column]<div class=\"clearboth\"><\/div><style>#thegem-divider-69e7a896c897a {margin-top: 60px !important;}<\/style><div id=\"thegem-divider-69e7a896c897a\" class=\"gem-divider  \" style=\"\" ><\/div>[\/vc_column][\/vc_row][vc_row][vc_column][vc_masonry_media_grid grid_id=&#8221;vc_gid:1692641399280-f48827a08c5d0bf84bf65a1a0360f74d-1&#8243; include=&#8221;33532,33533,33534&#8243;]<div class=\"clearboth\"><\/div><style>#thegem-divider-69e7a896c897f {margin-top: 60px !important;}<\/style><div id=\"thegem-divider-69e7a896c897f\" class=\"gem-divider  \" style=\"\" ><\/div>[\/vc_column][\/vc_row]<\/p>\n<\/div>","protected":false},"excerpt":{"rendered":"<p>[vc_row full_width=&#8221;stretch_row_content_no_spaces&#8221; content_placement=&#8221;middle&#8221; css=&#8221;.vc_custom_1625248459910{margin-bottom: 0px !important;}&#8221; el_id=&#8221;pedeco&#8221;][vc_column css=&#8221;.vc_custom_1566575117166{padding-right: 0px !important;padding-left: 0px !important;}&#8221; offset=&#8221;vc_col-lg-12 vc_col-md-12&#8243;][vc_text_separator title=&#8221;O que \u00e9 a Pedagogia Ecossist\u00eamica?&#8221;&#8230;<\/p>\n","protected":false},"author":1,"featured_media":0,"parent":0,"menu_order":0,"comment_status":"closed","ping_status":"closed","template":"","meta":{"om_disable_all_campaigns":false,"_monsterinsights_skip_tracking":false,"_monsterinsights_sitenote_active":false,"_monsterinsights_sitenote_note":"","_monsterinsights_sitenote_category":0,"spay_email":""},"_links":{"self":[{"href":"https:\/\/pedagogiaecossistemica.com.br\/pedagogia\/wp-json\/wp\/v2\/pages\/33039"}],"collection":[{"href":"https:\/\/pedagogiaecossistemica.com.br\/pedagogia\/wp-json\/wp\/v2\/pages"}],"about":[{"href":"https:\/\/pedagogiaecossistemica.com.br\/pedagogia\/wp-json\/wp\/v2\/types\/page"}],"author":[{"embeddable":true,"href":"https:\/\/pedagogiaecossistemica.com.br\/pedagogia\/wp-json\/wp\/v2\/users\/1"}],"replies":[{"embeddable":true,"href":"https:\/\/pedagogiaecossistemica.com.br\/pedagogia\/wp-json\/wp\/v2\/comments?post=33039"}],"version-history":[{"count":67,"href":"https:\/\/pedagogiaecossistemica.com.br\/pedagogia\/wp-json\/wp\/v2\/pages\/33039\/revisions"}],"predecessor-version":[{"id":33622,"href":"https:\/\/pedagogiaecossistemica.com.br\/pedagogia\/wp-json\/wp\/v2\/pages\/33039\/revisions\/33622"}],"wp:attachment":[{"href":"https:\/\/pedagogiaecossistemica.com.br\/pedagogia\/wp-json\/wp\/v2\/media?parent=33039"}],"curies":[{"name":"wp","href":"https:\/\/api.w.org\/{rel}","templated":true}]}}